{"id":112,"date":"2015-09-04T14:14:23","date_gmt":"2015-09-04T12:14:23","guid":{"rendered":"http:\/\/www.tanja-beifuss.de\/?page_id=112"},"modified":"2015-10-26T15:12:47","modified_gmt":"2015-10-26T14:12:47","slug":"kontakt","status":"publish","type":"page","link":"https:\/\/www.tanja-beifuss.de\/?page_id=112","title":{"rendered":"Kontakt"},"content":{"rendered":"<table>\n<tbody>\n<tr>\n<td style=\"border-color: #ffffff; text-align: left;\"><img decoding=\"async\" loading=\"lazy\" class=\"alignleft wp-image-128 size-medium\" src=\"https:\/\/www.tanja-beifuss.de\/wp-content\/uploads\/2015\/09\/kontakt-154x300.png\" alt=\"kontakt\" width=\"154\" height=\"300\" srcset=\"https:\/\/www.tanja-beifuss.de\/wp-content\/uploads\/2015\/09\/kontakt-154x300.png 154w, https:\/\/www.tanja-beifuss.de\/wp-content\/uploads\/2015\/09\/kontakt.png 256w\" sizes=\"(max-width: 154px) 100vw, 154px\" \/><\/td>\n<td style=\"border-color: #ffffff; text-align: left; vertical-align: top;\">Wenn ich mit meinem Angebot zum Thema Mentaltraining Ihr Interesse geweckt haben sollte, k\u00f6nnen Sie mich mit diesem Kontaktformular erreichen.<\/p>\n<p><strong>Bitte hinterlassen Sie unbedingt Ihre Email-Adresse und\/oder Ihre Telefonnummer.<\/strong><\/p>\n<div class=\"wpcf7 no-js\" id=\"wpcf7-f4-o1\" lang=\"de-DE\" dir=\"ltr\">\n<div class=\"screen-reader-response\"><p role=\"status\" aria-live=\"polite\" aria-atomic=\"true\"><\/p> <ul><\/ul><\/div>\n<form action=\"\/index.php?rest_route=%2Fwp%2Fv2%2Fpages%2F112#wpcf7-f4-o1\" method=\"post\" class=\"wpcf7-form init\" aria-label=\"Kontaktformular\" novalidate=\"novalidate\" data-status=\"init\">\n<div style=\"display: none;\">\n<input type=\"hidden\" name=\"_wpcf7\" value=\"4\" \/>\n<input type=\"hidden\" name=\"_wpcf7_version\" value=\"5.7.2\" \/>\n<input type=\"hidden\" name=\"_wpcf7_locale\" value=\"de_DE\" \/>\n<input type=\"hidden\" name=\"_wpcf7_unit_tag\" value=\"wpcf7-f4-o1\" \/>\n<input type=\"hidden\" name=\"_wpcf7_container_post\" value=\"0\" \/>\n<input type=\"hidden\" name=\"_wpcf7_posted_data_hash\" value=\"\" \/>\n<\/div>\n<p>Ihr Name (Pflichtfeld)\n<\/p>\n<p><span class=\"wpcf7-form-control-wrap\" data-name=\"your-name\"><input size=\"40\" class=\"wpcf7-form-control wpcf7-text wpcf7-validates-as-required\" id=\"contact-name\" aria-required=\"true\" aria-invalid=\"false\" value=\"\" type=\"text\" name=\"your-name\" \/><\/span>\n<\/p>\n<p>Ihre E-Mail-Adresse (Pflichtfeld)\n<\/p>\n<p><span class=\"wpcf7-form-control-wrap\" data-name=\"your-email\"><input size=\"40\" class=\"wpcf7-form-control wpcf7-text wpcf7-email wpcf7-validates-as-required wpcf7-validates-as-email\" id=\"contact-email\" aria-required=\"true\" aria-invalid=\"false\" value=\"\" type=\"email\" name=\"your-email\" \/><\/span>\n<\/p>\n<p>Betreff\n<\/p>\n<p><span class=\"wpcf7-form-control-wrap\" data-name=\"your-subject\"><input size=\"40\" class=\"wpcf7-form-control wpcf7-text\" id=\"contact-subject\" aria-invalid=\"false\" value=\"\" type=\"text\" name=\"your-subject\" \/><\/span>\n<\/p>\n<p>Ihre Nachricht\n<\/p>\n<p><span class=\"wpcf7-form-control-wrap\" data-name=\"your-message\"><textarea cols=\"40\" rows=\"10\" class=\"wpcf7-form-control wpcf7-textarea\" id=\"contact-text\" aria-invalid=\"false\" name=\"your-message\"><\/textarea><\/span>\n<\/p>\n<p><input class=\"wpcf7-form-control has-spinner wpcf7-submit\" type=\"submit\" value=\"Kontaktanfrage absenden\" \/>\n<\/p><p style=\"display: none !important;\"><label>&#916;<textarea name=\"_wpcf7_ak_hp_textarea\" cols=\"45\" rows=\"8\" maxlength=\"100\"><\/textarea><\/label><input type=\"hidden\" id=\"ak_js_1\" name=\"_wpcf7_ak_js\" value=\"198\"\/><script>document.getElementById( \"ak_js_1\" ).setAttribute( \"value\", ( new Date() ).getTime() );<\/script><\/p><div class=\"wpcf7-response-output\" aria-hidden=\"true\"><\/div><\/form><\/div>\n<p>Veranstaltungsort ist, wenn nicht anders angegeben, <strong>Bahnhofstra\u00dfe 29 in 27729 Hambergen<\/strong><\/p>\n<p><em>Der Zugang zu meinen R\u00e4umlichkeiten ist leider nicht barrierefrei. Kontaktieren Sie mich, wir finden L\u00f6sungsm\u00f6glichkeiten.<\/em><\/td>\n<td style=\"border-color: #ffffff;\"><\/td>\n<\/tr>\n<\/tbody>\n<\/table>\n<p>&nbsp;<\/p>\n","protected":false},"excerpt":{"rendered":"<p>Wenn ich mit meinem Angebot zum Thema Mentaltraining Ihr Interesse geweckt haben sollte, k\u00f6nnen Sie mich mit diesem Kontaktformular erreichen. Bitte hinterlassen Sie unbedingt Ihre Email-Adresse und\/oder Ihre Telefonnummer. Veranstaltungsort30<\/p>\n","protected":false},"author":1,"featured_media":0,"parent":0,"menu_order":0,"comment_status":"closed","ping_status":"closed","template":"","meta":[],"_links":{"self":[{"href":"https:\/\/www.tanja-beifuss.de\/index.php?rest_route=\/wp\/v2\/pages\/112"}],"collection":[{"href":"https:\/\/www.tanja-beifuss.de\/index.php?rest_route=\/wp\/v2\/pages"}],"about":[{"href":"https:\/\/www.tanja-beifuss.de\/index.php?rest_route=\/wp\/v2\/types\/page"}],"author":[{"embeddable":true,"href":"https:\/\/www.tanja-beifuss.de\/index.php?rest_route=\/wp\/v2\/users\/1"}],"replies":[{"embeddable":true,"href":"https:\/\/www.tanja-beifuss.de\/index.php?rest_route=%2Fwp%2Fv2%2Fcomments&post=112"}],"version-history":[{"count":18,"href":"https:\/\/www.tanja-beifuss.de\/index.php?rest_route=\/wp\/v2\/pages\/112\/revisions"}],"predecessor-version":[{"id":328,"href":"https:\/\/www.tanja-beifuss.de\/index.php?rest_route=\/wp\/v2\/pages\/112\/revisions\/328"}],"wp:attachment":[{"href":"https:\/\/www.tanja-beifuss.de\/index.php?rest_route=%2Fwp%2Fv2%2Fmedia&parent=112"}],"curies":[{"name":"wp","href":"https:\/\/api.w.org\/{rel}","templated":true}]}}